 and g?
15
Suppose 2*l = l + 4. Suppose 3*p = -5*w + 61, w + 76 = l*p + 5*w. Let h = 31 - p. Calculate the highest common divisor of h and 35.
7
Suppose b = 4*b - 12, 304 = 5*r + b. Calculate the greatest common factor of 12 and r.
12
Let y be (((-12)/4)/3)/(1/(-3)). Calculate the highest common factor of 3 and y.
3
Let h(x) = x**2 - x + 1. Let m be h(2). Let k = -14 + 16. Suppose 0 = m*a - k*t - 74, -a + 4*t - 8 = -36. Calculate the greatest common factor of 6 and a.
6
Let u be -8*(-9)/2 + -1. Suppose -5*f + 4*f + 3 = 0. Suppose 0 = f*t - 36 - 6. Calculate the highest common factor of t and u.
7
Suppose h - 5*h + 60 = 0. Let v be ((-2)/4)/((-10)/120). Calculate the greatest common factor of v and h.
3
Let h(r) be the third derivative of -r**4/6 + r**3/2 + r**2. Let z be h(-9). What is the greatest common factor of z and 26?
13
Suppose -3*s + 2*s + 8 = 0. Let a(t) = t**3 + 11*t**2 + 18*t + 8. Let h be a(-9). What is the greatest common factor of s and h?
8
Suppose 60 = -j + 5*j. Let r be j*2*(-10)/(-6). Let l = -27 + r. Calculate the highest common divisor of l and 207.
23
Let y be 68/12 + (-2)/3. Suppose -4*l + 4*b = -60, 0 = 5*l - 10*l - y*b + 25. Calculate the highest common divisor of l and 25.
5
Suppose u - 3*w = 5*u + 18, u = -4*w - 11. Let d = u - -13. Let x be d/2*9/3. What is the greatest common factor of x and 5?
5
Suppose 0 = -9*c + 8*c + 56. Let n = c - 40. What is the greatest common divisor of 80 and n?
16
Let x(z) = -z + 11. Let d be x(0). Suppose -6*t = -d*t + 125. Calculate the highest common factor of t and 10.
5
Suppose 23 = -2*x + 77. Calculate the greatest common factor of x and 3.
3
Suppose -4*f + 10 = -2*f - 2*g, 2*f - g = 9. Suppose -3*z = -f*a + 2*z + 101, a - 3*z = 27. Calculate the greatest common factor of a and 60.
12
Suppose -17 = -4*q - 1. Suppose -q*t + 100 = t. What is the greatest common factor of 5 and t?
5
Let o = -19 + 64. Calculate the greatest common divisor of 15 and o.
15
Let f = -1 + 3. Suppose 0 = x - 5*c - 27, 2*x - 5*x - 5*c - 19 = 0. What is the greatest common divisor of x and f?
2
Let b(v) = v + 11. Let j be b(-11). Suppose -3*x + x + 336 = j. Calculate the greatest common factor of 24 and x.
24
Let g(o) = -o**3 - 11*o**2 - 3*o - 26. Let c be g(-11). Let f = -2 + 3. Calculate the highest common factor of c and f.
1
Suppose -13*j = -9*j - 268. Let v = 265 - j. Calculate the greatest common divisor of v and 18.
18
Let g(x) = 2*x**2 + 10*x - 1. Let i be g(8). Suppose -5*o - 54 = -3*s, -3*o = -4*s + 35 + 48. What is the greatest common divisor of i and s?
23
Let z(h) = 19*h - 3. Let r be z(1). What is the highest common factor of r and 20?
4
Let s be (211 - (1 + 0))*210/175. What is the highest common factor of s and 36?
36
Let o be 3/1 - -3 - -1. Suppose -2*m = i - 10, -m - 2*m - o = -4*i. Calculate the highest common factor of 24 and m.
3
Suppose -2*p + 132 = 9*p. Let t be 4/14 - (-12)/7. Let b be ((-4)/6)/(t/(-24)). What is the highest common factor of b and p?
4
Let c be 66/4 - 3/6. Let r = -9 - -9. Suppose -n = r, -3*n - 8 = -4*d - 7*n. Calculate the highest common factor of d and c.
2
Suppose -3*l + 2*l + 32 = 0. Calculate the greatest common factor of l and 48.
16
Let v(b) = 0*b**3 + 4 - b**3 + 3*b**2 + 5*b + 3*b**2. Let w be v(5). Let z = w + -26. What is the greatest common factor of z and 7?
7
Let s = -2 + 41. Let q = 0 - 0. Suppose 26 = -q*o + 2*o. Calculate the highest common divisor of o and s.
13
Suppose -1 - 1 = -2*r. Let b be 4/(-2)*r*9. Let d be 25/9 + (-4)/b. Calculate the greatest common divisor of 15 and d.
3
Let q = 58 + -16. Let d(y) = 3*y + 1. Let o be d(9). What is the highest common divisor of o and q?
14
Let q(u) = 11*u - 42. Let v be q(22). Calculate the highest common divisor of v and 40.
40
Let p(x) = 3*x - 4. Let g = 10 - 6. Let s be p(g). What is the greatest common divisor of 1 and s?
1
Let z(j) = -2*j + 0*j**2 + 0*j**2 + 1 + j**2 - 5. Let n be z(5). Calculate the highest common factor of 121 and n.
11
Suppose 2*i = 2*s - 22, 2*s + 4*i = 3*s - 2. What is the greatest common divisor of s and 154?
14
Let g = 109 - 64. Calculate the greatest common factor of g and 18.
9
Suppose 29 = 3*x - 28. Suppose 3*l - 87 = 3*i, 7 = l + 2*i - x. Calculate the greatest common divisor of 7 and l.
7
Suppose -5*v = -5*s - 35, -2*s + 5*s + 15 = v. Let i be 34/6 + 1/v. Let b = 30 + i. Calculate the highest common factor of 4 and b.
4
Let n(m) = 219*m - 9. Let q be n(2). Calculate the greatest common divisor of 39 and q.
39
Suppose -i = -2*i + 2*r + 37, 5*r = 3*i - 109. Suppose 2*p - i - 1 = 0. Suppose 33 = 3*v - 120. Calculate the greatest common factor of v and p.
17
Let g(i) = i**2 - i - 2. Let j be g(7). Let u = -25 + j. What is the greatest common divisor of 45 and u?
15
Suppose 5*t + 0*t - 55 = 0. Calculate the highest common factor of t and 44.
11
Let y(p) = -p**3 + p**2 - 2*p + 9. Let k be y(2). What is the greatest common divisor of 8 and k?
1
Suppose -i + 2 = t - 2, 5*i - 5*t + 30 = 0. Let s be ((0 - 0) + i)*-16. Calculate the greatest common factor of 80 and s.
16
Suppose 3*b - 5 = -h + 3*h, 2*h = -b - 1. Let g be 17 - (3 - (2 + b)). What is the highest common factor of 136 and g?
17
Suppose -27 = 5*b - 5*a - 7, -2*a = -8. Suppose -1 = 3*o - 2*t - 23, b = 3*o - 4*t - 26. What is the highest common factor of 18 and o?
6
Let a(k) = -69*k**3 - k. Let p = -17 - -24. Suppose 4*t - 24 = p*y - 3*y, 0 = y + 4*t - 19. Let u be a(y). What is the highest common divisor of 28 and u?
14
Suppose -6 = -2*c, 2*s = -0*s + 4*c + 30. Calculate the highest common divisor of 7 and s.
7
Let f be 6/(-15) + 227/5. Let g(z) = -z**2 - 12*z - 22. Let y be g(-9). Calculate the greatest common divisor of f and y.
5
Let t = -9 - -149. Calculate the highest common divisor of 20 and t.
20
Let o(m) = 23*m + 3. Let c be o(2). What is the greatest common factor of c and 392?
49
Let b = 17 - 14. Calculate the greatest common divisor of 9 and b.
3
Let z(r) = 4*r**2 + 4*r + 8. Let f be z(-4). What is the greatest common divisor of f and 7?
7
Let u = -4 + 14. Let a = u - 5. Suppose 0 = p - 4*p + s + 67, -a*s - 71 = -4*p. Calculate the greatest common divisor of p and 60.
12
Let o(p) = p**2 - 3*p - 2. Let u be o(4). Suppose 3*h - u = -h - q, 4*h - 10 = 3*q. Calculate the greatest common divisor of h and 1.
1
Let i be 2 + -1 + (-16)/(-4). Suppose 4*y - i*n - 273 - 7 = 0, 2*n = -4*y + 308. Let h = 13 - -17. What is the highest common factor of h and y?
15
Let o(f) be the second derivative of -2*f + 0 - 4/3*f**3 - 1/2*f**2 - 1/12*f**4. Let n be o(-5). Calculate the highest common divisor of n and 2.
2
Suppose 0 = 2*o + 19 + 17. Let b be ((-6)/o)/((-1)/(-27)). Calculate the greatest common factor of b and 81.
9
Let m be -1 + 1 - -13 - 1. Suppose 4*t - m = -g + 17, -3*g + 47 = 2*t. Calculate the highest common divisor of g and 104.
13
Let o be (112/(-6))/((-69)/9 + 7). Let f be (21*4)/(3 + -2). What is the greatest common factor of f and o?
28
Suppose -3*f + 330 = -0*f. Let p(b) = b + 2. Let h be p(8). What is the greatest common factor of h and f?
10
Let o(w) = -6*w + 10. Let t be o(-9). Calculate the greatest common divisor of t and 16.
16
Let l = -367 + 379. Suppose -228 = -5*k + 252. What is the highest common factor of k and l?
12
Suppose 14 = 5*m - 1. Let o be m*(-4 - (-548)/12). What is the highest common divisor of 50 and o?
25
Let b = -6 - -7. What is the highest common divisor of b and 2?
1
Let b = 4 - -8. Suppose -8 = j - 14. Calculate the greatest common divisor of b and j.
6
Let u(y) = -y**3 + 4*y**2 + 3. Let a be u(3). Let x(i) = 36*i**2. Let l be x(1). What is the highest common divisor of l and a?
12
Suppose 9*c - 4*c = 5*k - 185, 34 = k + 2*c. What is the highest common factor of k and 18?
18
Let w(q) = 4*q**2 - 2*q + 3. Let k be w(4). Let i = k - -61. Suppose -3*u + 55 = -2*n - 0, u = n + 20. Calculate the highest common divisor of u and i.
15
Let c = 67 + -37. What is the greatest common divisor of c and 210?
30
Let l(a) = -a**2 - 12*a + 5. Let p be l(-12). Suppose 30 + 85 = p*k. What is the highest common factor of 23 and k?
23
Let o be (-114)/(-3)*(-3)/(-1). Let l = -4 + o. Let v = -10 + 20. What is the highest common divisor of l and v?
10
Let s = 116 - 66. What is the highest common divisor of 5 a